ulate -12 + (11 - (10 - (0 - -5))).
-6
5 + (-5 - -12 - 10)
2
Calculate (-2 - -7) + -7 - -5.
3
What is -4 - (-3 + (6 - 5))?
-2
Calculate 11 + -9 + -6 + 0 - -3.
-1
(6 - (4 + 1)) + 0
1
Evaluate 1 - 18 - (-1 + -7).
-9
(2 - 4) + 0 + (-1 - -2)
-1
Calculate (-5 - -6) + 1 + 2.
4
Calculate (-1 + 0 - 5 - -8) + -6.
-4
What is 8 - (-4 - (-19 - 1))?
-8
What is 18 - 10 - (1 - (-7 - 3))?
-3
What is the value of 2 - (-3 + 3 + -5 + 1)?
6
What is the value of -1 - -8 - 2 - (-11 - -20)?
-4
Evaluate -11 - (-8 + 10 + -10).
-3
What is -4 - ((0 - 5) + (-7 - -13))?
-5
Calculate -4 + (-5 + 9 - 3).
-3
Evaluate (5 - (8 + -5)) + (-2 - -2).
2
What is -6 + -4 - (5 - 4 - 6)?
-5
(-1 + 0 - 10 - -7) + 5
1
Calculate 4 + (1 + -9 + 1 - 1).
-4
Evaluate 1 + 2 + 0 + 16 + -14.
5
What is the value of -5 + 2 + (5 - 7)?
-5
What is (7 + -1 - 1 - -1) + -12?
-6
Evaluate 4 + 0 + -8 - -1.
-3
(-1 - 3) + 55 + -47
4
What is the value of 4 + (2 - 2) - (1 + -2)?
5
Evaluate 8 + (1 - -2) + -10.
1
What is the value of -5 - -1 - (23 + -21)?
-6
3 + (6 - 7) - 2
0
Evaluate (-1 - -2 - -9) + -4.
6
-1 - (-3 + -3 + 6) - -6
5
What is -18 - (-9 - -6 - 7)?
-8
Evaluate (6 - 2) + -4 + 3.
3
What is the value of 8 - 10 - (2 + 2)?
-6
What is (-8 - -6 - -3) + 3 + 1?
5
(0 - -10) + (-11 - (-5 + 0))
4
-2 + (-1 - -3 - 5) + 4
-1
Evaluate -1 + 1 + -4 + -3 + 15.
8
(-5 - -3) + (-1 - 0 - 0)
-3
Calculate -7 + (-3 + 3 - -2).
-5
What is 3 + (-3 - (-8 + 14)) - -12?
6
Calculate (-11 - -14) + (3 - 1).
5
Evaluate -12 + 1 - (-4 + (2 - 3)).
-6
Evaluate -8 - (-2 + 0) - -3.
-3
What is the value of -1 + (4 - 3) + 6 - 3?
3
Evaluate (6 - 5) + -2 + 6 + -1.
4
(1 + 4 - 3) + (3 - 3)
2
Evaluate -2 + (4 - (-2 - -5 - 0)).
-1
What is the value of -1 + 2 - -3 - (0 - -2)?
2
What is the value of 18 - (10 + -3 - -5)?
6
-1 - (0 - -8) - (-24 + 18)
-3
Evaluate (-1 - (-10 + 8)) + -5.
-4
-3 + 6 + (-6 - 1)
-4
What is the value of -3 - (-6 + 4 + -3)?
2
What is 6 - (6 + 4) - 2?
-6
What is (0 - -3 - -1) + -4?
0
3 - (-9 - -16 - -3)
-7
Calculate 8 + (-15 - -1 - (-29 + 21)).
2
What is the value of 6 + -3 + -4 + 3 + 4?
6
-1 + 4 + -3 - -3
3
What is -10 + (3 - -4) + 3?
0
What is 6 - (1 - 2 - (4 + -16))?
-5
What is (5 + -7 - -2) + (-2 - 2)?
-4
What is the value of -9 - ((-2 - 2) + (-3 - -3))?
-5
What is the value of 6 - (-3 + (-4 - -11))?
2
Calculate (-57 - -60) + (1 - -1).
5
Calculate 4 + 0 + -4 + -4.
-4
What is the value of 4 + -2 + (-4 - -1)?
-1
0 + (-5 - (-1 + -3))
-1
Calculate (4 - -3) + -6 + -7.
-6
-14 - (-1 - -8 - 15)
-6
Calculate -6 - (-2 + 0) - -5 - 2.
-1
31 + -36 - (1 - 10)
4
(4 - 7) + (-6 - -10)
1
6 + -5 - (1 - 2) - 4
-2
What is 2 + (0 + -4 - -3) + -4?
-3
(0 - 1) + -7 + 1 + 10
3
Calculate (-17 - (1 + 0 - 4)) + 6.
-8
Evaluate -7 - (0 + 2 + -6).
-3
What is 56 + -68 + (-1 - -22)?
9
-9 + 3 + 6 + 6
6
Evaluate (8 - -3) + -2 - 5.
4
Evaluate (8 - (12 + 3)) + -5 + 4.
-8
What is (11 - (-8 + 10)) + -15?
-6
What is (-2 - 0) + 0 + 4 + -2?
0
(-4 - (-2 - 3)) + -6
-5
5 + (-3 - 0) + -4
-2
-3 + -12 + 12 + 4 + -2
-1
Evaluate (-10 - (0 + -2)) + (-26 - -30).
-4
What is 3 + (1 - 5 - -2)?
1
Evaluate 0 + 3 - (4 - -3 - 5).
1
What is -9 - 5 - -8 - -3?
-3
(-5 - -1) + 3 + 3
2
-9 + 0 - (-2 - (3 - 4))
-8
Evaluate -5 - (3 - (-1 - -8)).
-1
2 + (-1 - (4 + -4)) - 4
-3
Calculate -6 - -9 - (-4 + 3 + 4).
0
What is -8 + (-3 - -8 - 3)?
-6
What is the value of -1 - -2 - -2 - (31 + -36)?
8
What is the value of 5 + (4 - 3) + -1?
5
What is the value of 4 + 4 + -5 + (0 - 8)?
-5
What is the value of 5 - (3 - 0 - (-3 - -3))?
2
(-102 - -101) + 6 + 1
6
-2 - (-5 - -3 - (-5 - -4))
-1
Calculate (1 - (9 - 1)) + 3.
-4
What is the value of 4 - 1 - 8 - -3 - -5?
3
What is the value of 0 + -2 + 1 - -5?
4
What is -4 - (-6 - -2 - 0) - -5?
5
-3 - (-2 - (4 - 1))
2
What is 7 + 2 + -1 + -4 + 0?
4
(9 - 4) + (-1 - 2 - -2)
4
What is (-1 - (2 - 9)) + 19 + -21?
4
Calculate 10 + (-15 - (5 + -7)).
-3
What is the value of 4 - (-6 + 3 + 4 + 5)?
-2
Evaluate 8 + 0 + (16 - (2 + 16)).
6
(-9 - -14) + (1 - 2)
4
Calculate (-4 + -1 - -2) + (6 - -1).
4
-1 - (-2 + 9 + 1 + -7)
-2
-4 + (-1 - (-2 - 1) - -6)
4
Calculate 13 - (13 + 10 + -11).
1
Calculate 4 + (-5 - (1 - 1)).
-1
Evaluate 0 - -5 - -4 - 4.
5
What is the value of 7 + (0 - 4 - 0) - 9?
-6
-2 + (-5 - (-4 + -5))
2
What is (1 - 4) + 28 + (0 - 17)?
8
Calculate 2 - 1 - (-2 + -7 + 4).
6
What is the value of -3 + 1 + -5 + 4 + 7?
4
4 + 0 + -5 + (1 - -4)
4
What is the value of -1 + 11 - (120 + -112)?
2
What is -3 + 0 + -1 + 3 + 0?
-1
Evaluate (-7 - -1 - 3) + (42 - 36).
-3
Calculate -8 - (5 + -15 + 5).
-3
What is the value of 10 + 9 + -2 + -10?
7
Calculate 4 + (3 - 4 - 2) + 3.
4
What is the value of (5 - 1) + (-2 - -9) + -8?
3
What is -9 + 1 - (-7 + (4 - 1))?
-4
What is -1 + (-11 - -8) + -1 + 0?
-5
Calculate 16 + -9 + -9 - (-9 - -1).
6
(1 - 0) + (8 - (-4 + 8))
5
Evaluate 15 - 17 - (-1 + -3).
2
Evaluate 4 - (5 + (-7 - -3)) - -7.
10
((0 - -3) + -1 - -4) + -2
4
Calculate 6 - ((1 - -3) + (-18 - -15)).
5
What is the value of -3 - -4 - (-10 + 7)?
4
Calculate 4 + -4 - (-3 - 1).
4
What is -5 + (3 + -2 - -3)?
-1
Calculate 0 - (1 - (6 - 1) - 1).
5
What is -2 + (1 + -5 - -4)?
-2
Calculate (-8 + -11 - 3 - -7) + 7.
-8
Calculate 6 + 0 + (-6 - 2).
-2
What is the value of 10 + (4 - (25 + -11))?
0
Calculate 1 + (-10 - -5 - -10 - 6).
0
What is the value of -2 + 1 - -3 - (-8 - -12)?
-2
-14 + 4 + (-1 - -6)
-5
What is 5 + (11 - 5) + -7 + 1?
5
What is the value of -11 + (-12 - -19) - (1 + -11)?
6
Evaluate -3 - ((2 - 2) + -1) - 1.
-3
Evaluate (-2 - -1 - 2) + 7.
4
Calculate 7 + -2 - (-3 - (-2 - 5)).
1
Calculate 9 + -15 - (3 + -4).
-5
What is (4 - (0 + 0 + 0)) + 0?
4
What is the value of -3 + 2 - (2 + (1 - 3))?
-1
What is -5 - (-20 - -5) - 12?
-2
Calculate 0 - 1 - (118 + -115).
-4
(2 + 1 - (3 - -5)) + 0
-5
Evaluate -5 - (-6 + 5 + (5 - 4)).
-5
What is 0 + -7 + (0 - -1) + 3?
-3
What is (-2 - -6) + (-3 - 0)?
1
Evaluate (12 - 9 - (-1 - -7)) + -1.
-4
What is 1 + 0 + 2 - (75 + -78)?
6
What is the value of -2 + (8 - (5 + (-1 - 2)))?
4
2 + (-3 - -3) + 3 + -3
2
(-10 - (4 + -4)) + 6 - 4
-8
Calculate (2 - (4 + 2)) + 9.
5
-280 - -271 - (1 + -15)
5
What is 0 - (3 + 2 - (5 - -2))?
2
Calculate 8 + -3 + 1 + 0.
6
-8 + -3 + 20 - 8
1
Calculate (-2 - -3) + -1 + -5.
-5
Evaluate -2 + -3 + 1 + 4.
0
Evaluate -4 + 2 + 6 + -5 - 3.
-4
Evaluate 4 - (3 - (-11 + 6)).
-4
Calculate -1 + (5 + 1 - 5).
0
-34 + 14 + 12 + 4 + 2
-2
What is the value of (-5 - -3) + 0 + 5 - 3?
0
(-9 - -5) + -4 + 0
-8
What is the value of -9 + 13 + -12 - 1?
-9
What is the value of -3 - (3 + (3 - 14))?
5
Evaluate -2 - (-7 + -2) - 15.
-8
57 + -54 - (9 + 1 + -2)
-5
-4 + 0 + (6 - 3)
-1
Evaluate -4 - -3 - -7 - (21 + -14).
-1
Evaluate 5 + (-7 - -5) + (-2 - 5).
-4
Evaluate -17 + 10 + 6 - -4.
3
-17 - (-4 + 9 + -18)
-4
Evaluate (4 - 8) + 2 - 1.
-3
Calculate 6 - (-3 + 9 + -5) - 2.
3
Evaluate 2 + -10 + 6 + -12 - -4.
-10
Calculate (-1 - -4) + (-36 - -35).
2
Evaluate 4 + -5 - (1 + (-7 - -2)).
3
What is the value of 1 - (8 - 4) - 1 - -9?
5
What is (-8 - ((10 - 8) + -9)) + 11?
10
Evaluate 3 + -2 - (13 - 9).
-3
13 + -3 + -19 + 4
-5
Calculate ((-4 - -5) + 2 - 4) + 6.
5
(2 - 3) + (-10 - -19)
8
Evaluate -2 + -5 - -12 - 2.
3
What is 0 - (-7 - -2) - (-36 + 38)?
3
What is the value of (2 - 10) + -6 + 22?
8
What is 12 + -20 + 0 + 14?
6
-2 + 4 - 4 - -6
4
Evaluate 1 + (3 - 3) + -2.
-1
Evaluate 9 - (-2 + (4 - (0 + 1))).
8
Evaluate (14 - 13) + (5 - (1 - 0)).
5
Calculate 3 - -1 - (2 - 0).
2
14 - 9 - (-2 + 3)
4
0 + (-2 + 4 - 5)
-3
19 - 17 - (7 + 1)
-6
What is -3 - (-1 - 2) - (15 + -22)?
7
Evaluate (2 - ((-2 - 1) + 4)) + 3.
4
What is (-1 - -3) + (-23 - -20)?
-1
Evaluate (26 - 32) + (0 - (1 + -7)).
0
What is the value of (-4 - (-1 + 2)) + (36 - 34)?
-3
Calculate 4 + (2 - 5) - -4.
5
Calculate (-3 + 4 - (-2 + -1)) + -1.
3
What is (-10 - (1 + -19)) + (-6 - 1)?
1
-2 - (-1 + -1) - (-1 - 1)
2
What is -23 - (-4 - (-2 + 11))?
-10
2 - 0 - ((3 - -2) + -1)
-2
Evaluate 9 - (7 - (-9 - -3)).
-4
What is (1 - -1) + (-5 - -5)?
2
Calculate 0 + (6 - 4) + 1.
3
Calculate -1 + (1 + 1 - (1 - -1)).
-1
What is -1 + (1 + -1 + -2 - -1)?
-2
What is -3 + 7 + 9 + -6?
7
Calculate 7 - (10 - 6) - 8.
-5
-3 - ((-16 - -10) + (10 - 0))
-7
Evaluate 31 - 27 - (0 + 1 - -1).
2
What is (-2 - 7) + 4 + 2?
-3
What is the value of -4 - -3 - (-2 - -1)?
0
Evaluate 0 - (2 + -6) - -1.
5
Evaluate -3 - (-5 - (-2 + 3 + 0)).
3
What is 3 - 1 - (22 - 1